Let y(v) = -v**3 + v**2 + v + 1. Let r(z) = -7*z**2 + 9*z + 3. Let x(h) = -r(h) + y(h). Give x(7).
-9
Let w(a) = a**3 + 7*a**2 - 7*a + 11. Let m be w(-8). Suppose 0 = -m*c - c + 12. Let f(b) = -b + 1. Let z(h) = h - 1. Let l(n) = -3*f(n) - 4*z(n). Give l(c).
-2
Let q(a) = 2*a. Suppose -5*d + 46 = -4*l, -l - 2*l = 2*d. Suppose 2 + 1 = -f + 4*v, -4*f - 2*v + d = 0. Determine q(f).
2
Let t(h) = -9 + 0*h**3 - h**2 + 6*h**2 + 4*h + h**3 - 10*h. Determine t(-6).
-9
Let u(g) = -g**3 - 7*g**2 - 7*g - 12. Let h(m) = m**3 + 8*m**2 + 8*m + 11. Let n(r) = -4*h(r) - 3*u(r). Let y be n(-10). Let v(t) = t - 1. Calculate v(y).
1
Suppose 5*r - 4 = 3*r, 3*p = 2*r - 7. Let c(i) be the first derivative of -i**3/2 - i**2/2 - i - 1. Let o(t) be the first derivative of c(t). Give o(p).
2
Let n(l) = -l**3 + 12*l**2 + 12*l + 4. Let z(w) = -w**3 + 11*w**2 + 11*w + 4. Let d(o) = 5*n(o) - 6*z(o). Give d(7).
3
Let k(s) = 0 + 4*s - 2*s - 4*s + 2. Determine k(3).
-4
Let h(u) = u**3 - 5*u**2 + 3*u - 1. Suppose -2*c = 2*c + 72. Let j = 1 + -7. Let a be (-25)/j - (-3)/c. Calculate h(a).
-5
Let i(y) be the first derivative of -y**3/3 - 3*y**2/2 + 2*y - 15. Let q = -8 + 12. Let w(a) = a**3 - 5*a**2 + 3*a. Let g be w(q). Determine i(g).
-2
Let r(w) = w + 5. Suppose 11*v - 15*v = -20. Determine r(v).
10
Let j(g) = -g. Suppose 6 = -3*o - 5*y, o - 4*y - 6 = -3*y. Suppose o*v + 1 - 7 = 0. Suppose -1 = f - v*f. Determine j(f).
-1
Let s be 74/10 - (-6)/(-15). Let r(d) = -s - 2*d**2 - 3 + 6*d + d**2 + 4. Calculate r(5).
-1
Let o(l) = 2*l - 3. Let s(t) = 3*t - 6. Let b(u) = 5*o(u) - 2*s(u). Let d(h) = -h - 1. Let p(z) = -b(z) - 2*d(z). What is p(5)?
-5
Let d(b) = b - 3. Let n be d(3). Suppose n = 6*k - 4*k - 2. Let x(h) be the first derivative of -h**4/4 - h + 2. Give x(k).
-2
Let w = -8 - -14. Let z(x) = -x**2 + 6*x - 5. What is z(w)?
-5
Suppose -3*m = 21 - 33. Let q(f) = -f**2 + 4*f - 6. Calculate q(m).
-6
Let z(l) = -l**2 - l + 1. Let b = 10 + -9. Let g(p) = -3*p**2 + 3*p - 2. Let i(h) = b*g(h) - 2*z(h). What is i(4)?
0
Let u(s) = -s**3 - 5*s**2 + s + 1. Suppose 3*t + 2*t - 5*q - 10 = 0, t + 1 = 4*q. Suppose t*x + 4*o + 27 = 0, 0 = x + x + 3*o + 19. Calculate u(x).
-4
Let z(v) = -v - 1. Let d(u) = -u - 5. Let s(o) = -d(o) + 2*z(o). Give s(0).
3
Let q be 4/6*(-6)/(-4). Let a(m) = 8*m**2 - 1. What is a(q)?
7
Let i(h) = -2*h - 1. Let f(q) = -q - 8. Let y(o) = f(o) - i(o). Determine y(3).
-4
Let i(w) be the third derivative of -5*w**4/24 + 10*w**2. Calculate i(1).
-5
Let j be 3 + (-6 + -2)/1. Let x(r) = -r**3 - 6*r**2 - 4*r + 2. What is x(j)?
-3
Let b(m) = -7*m**3 + 15*m**2 - 11*m - 2. Let f(q) = -4*q**3 + 8*q**2 - 6*q - 1. Let x(r) = 6*b(r) - 11*f(r). Let c = 3 - 2. Give x(c).
3
Let l(t) = t**3 + 3*t**2 - 3*t + 2. Let s(m) = -m**2 + 10*m + 1. Let x be s(10). Let k = 1 - x. Suppose k = 5*o + 21 - 1. Give l(o).
-2
Let a be (5 - 4) + -4*1. Let p(y) = 2 - 2 - 3 - 6*y - 1. Calculate p(a).
14
Let v(y) = -y**3 + 6*y**2 - y + 5. Suppose -21 = b - 2*b + 5*d, d - 3 = -b. Calculate v(b).
-1
Let p(j) = -5*j**3 + 3*j**3 - j**2 + j**3 + 2*j**3 + 1. What is p(2)?
5
Let l(s) be the first derivative of s**4/4 - s**3/3 + 5*s - 12. Determine l(0).
5
Let a(y) be the second derivative of y**3/6 + y**2/2 - y. Let g = -3 + 3. Determine a(g).
1
Let o(w) be the third derivative of -w**5/60 + w**4/24 - 2*w**3/3 + 6*w**2. Let n be (-3)/(-15) - (-2)/(-10). Determine o(n).
-4
Let a(c) = 3*c + 1. Let w(g) = g**2 + 7*g + 3. Let q be w(-7). Let x = 6 + -4. Let j = q - x. Give a(j).
4
Let m = 3 - -1. Let k(t) = 2*t**2 + m - t**3 - 4*t**2 - 2*t**2. Let n(d) = -d**2 + 3*d. Let g be n(4). What is k(g)?
4
Let c be 1/3 + (-33)/(-9). Let i(g) = -1. Let t(w) = 6*w + 5. Let z(d) = c*i(d) + t(d). Let o(b) = -b - 6. Let h be o(-5). What is z(h)?
-5
Let s(j) be the second derivative of j**5/20 - j**4/4 - 7*j**3/6 + 22*j. Calculate s(5).
15
Let g(u) = -4 + 11*u + 5 + 0 - 2*u. Give g(-1).
-8
Let i(k) = 4*k + k**2 - 4 - 3*k + 2 - 2. Give i(-3).
2
Let h(t) = 2*t + 3. Let x be (14/3)/((-1)/(-3)). Let l = -6 + x. Suppose -2*i = l*b - 3*b + 12, 4*b - 2*i = -6. Give h(b).
-1
Suppose -8*g + 2 = -7*g. Let l(f) = -f + 1. Determine l(g).
-1
Let d(k) = 5*k**2 + 5*k + 3. Let v(n) = -4*n**2 - 4*n - 2. Let a(r) = 5*d(r) + 6*v(r). Give a(-3).
9
Let w(u) = u**2 - 13*u + 3. Let z(f) = 3*f**2 - 38*f + 8. Let a(m) = 17*w(m) - 6*z(m). Let r(h) = -h. Let o be r(-6). Determine a(o).
9
Let c = -3 + 8. Let l(b) = -b - 5 + 8 - c. Determine l(2).
-4
Let y(b) = 9*b + 1. Let g be (4/(-6))/((-2)/12). Let o(q) = 5*q. Let i(s) = g*y(s) - 7*o(s). Let t(w) = -w**3 + 8*w**2 - w + 5. Let k be t(8). Calculate i(k).
1
Suppose 5*n - 3*o - 1 - 22 = 0, -2*o = -5*n + 22. Let r(g) = -g**3 + 4*g**2 + 2*g + 5. Determine r(n).
13
Let o(k) = -k - 6. Let b = 34 + -19. Let l = -18 + b. Calculate o(l).
-3
Let w(o) = o - 7. Let i(v) = v - 6. Let f(p) = 5*i(p) - 4*w(p). Calculate f(2).
0
Let j = -39 + 34. Let k(c) = -c**3 - 4*c**2 + 5*c + 2. What is k(j)?
2
Suppose -3*r + 2 = 2*b - 3, 0 = -3*b - r + 25. Let z = b + -14. Let x(m) = -3*m**2 + 5*m + 5. Let g(a) = -a**2. Let c(w) = -4*g(w) + x(w). Calculate c(z).
1
Let j(m) = -m**2 - 9*m + 9. Let p be j(-8). Let w(i) = -p + 0*i + 21 + i. Calculate w(-3).
1
Let q(r) be the second derivative of r + 0 + 1/20*r**5 - r**3 - 5/12*r**4 - 3/2*r**2. Let n(h) = h**3 + 4*h**2 - 6*h + 1. Let d be n(-5). Give q(d).
-3
Suppose 2 = 4*h - 3*z, 0*h = -4*h + 4*z. Let u(o) = -6*o + 3. Give u(h).
-9
Let j(m) = m + 1. Let f(n) = n**2 - 6*n - 2. Let s be f(7). Suppose 5 = -a, a - 26 = 2*d + s*a. Give j(d).
-2
Let v = -16 + 10. Let z(c) = c**2 - c + 1. Let t(n) = n**3 + 10*n**2 - 13*n - 2. Let i(x) = t(x) - 5*z(x). Give i(v).
5
Let r(d) = d + 16 - 12 - 2. Give r(2).
4
Let t(h) = 6*h**2 - h**3 - 5*h - 6 + 4 + 0*h**2. Calculate t(5).
-2
Let p(x) = x**2 + 3*x + 1. Let w be p(-3). Let t(j) = w - 4*j - j - 2*j - j. What is t(-1)?
9
Let r = 2 + -4. Let v(n) = n**2 + n - 2. Let d be v(-3). Let p(k) = 4*k**2 + 3*k - 8. Let g(l) = 3*l**2 + 2*l - 7. Let c(w) = d*p(w) - 5*g(w). Give c(r).
3
Suppose -4*g = -2 - 6. Let k = 6 - g. Let s(a) be the first derivative of -a**3/3 + 2*a**2 - 3*a - 1. Determine s(k).
-3
Let g(p) = 9*p**3 + p**2. Let d(v) be the first derivative of -v**3/3 - 2*v**2 + v - 1. Let o be d(-5). Let s be (4 - o/(-2))/(-2). Determine g(s).
-8
Suppose 0 = -2*b + 5 - 1. Let j(q) = -2*q**3 + 3*q**2 - 2*q - 1. Determine j(b).
-9
Let m(t) = 25*t + t**2 - 25*t + 1. Let d(j) = -j**2 - 4*j + 7. Let r be d(-6). Let k(n) = -6*n**2 - 5*n - 6. Let s(y) = r*m(y) - k(y). Calculate s(-4).
-3
Let n(d) = -d**2 + 6*d - 2. Let j(t) = -t**2 + t + 2. Let w be j(0). Suppose -16 = -w*c - 46. Let z be ((-16)/(-6))/((-10)/c). Determine n(z).
6
Let u be (8/(-24))/((-14)/12 + 1). Let m(q) be the first derivative of q**u - 1 + 5/3*q**3 + 1/4*q**4 + 3*q. Give m(-5).
-7
Let v(k) = -3*k - 1. Suppose 0 = -4*d - 4*r + 4, 37 = -2*d + 4*d - 5*r. Let u be 14/d - 2/(-3). Let g = -5 + u. Determine v(g).
5
Let i(m) be the third derivative of -m**4/6 - 4*m**2. Give i(1).
-4
Let c(f) be the second derivative of -f**5/20 + 5*f**4/6 - f**3/6 + 6*f**2 - f. Let z be c(10). Let q(i) = i**3 - 4*i**2 + 3*i - 1. What is q(z)?
-3
Let m(n) be the third derivative of n**4/24 - 2*n**3/3 - 3*n**2. Let b = -12 - -8. Calculate m(b).
-8
Let n(p) = p**3 + 5*p**2 + 2*p - 4. Let y = 115 - 119. Give n(y).
4
Let x(z) = z**2 + 4*z + 1. Let t(w) = w**3 + 7*w**2 + 5*w - 3. Let d be t(-6). Suppose q + 4*q + 23 = -2*k, 3 = -3*k + d*q. Give x(k).
1
Let q(i) = i**3 - 2*i**2 + 2*i. Let z be q(2). Suppose -3*k - z*j + 14 = 0, -3 = 2*j + 5. Suppose 4*c + k = -c. Let s(o) = -o + 2. What is s(c)?
4
Let y(v) = v**3 - 3*v**2 - 2. Let j be y(3). Let s(o) be the second derivative of o**3/3 - o**2 - o. What is s(j)?
-6
Let t(z) be the first derivative of -z**2/2 + z - 10. Let l(v) = -v + 3. Let d be l(0). What is t(d)?
-2
Let c(u) = u**3 + 3*u**2. Suppose -5*z + 0*z = 10. Calculate c(z).
4
Let j(n) = -17*n - 1. Let h(t) = 3*t + 31. Let q be h(-10). Calculate j(q).
-18
Let p(j) = j**3 + 9*j**2 - 11*j - 5. Let v be p(-10). Let m(k) be the third derivative of -1/6*k**4 + 2*k**2 + 0 + 1/60*k**5 - 5/6*k**3 + 0*k. What is m(v)?
0
Let t(j) = -j**2 + 2*j + 3. Let h be t(-2). Let o = -6 + 11. Let x(y) = -4*y - 5. Let g(z) = -5*z - 6. Le